se 2) to base 6.
-5131
Convert -6578 (base 13) to base 15.
-42bb
Convert 580 (base 15) to base 5.
14440
35996 (base 11) to base 15
10517
Convert 32063 (base 7) to base 9.
11785
What is -1214240 (base 5) in base 8?
-55036
Convert -245625 (base 7) to base 11.
-30aa3
Convert 40d (base 16) to base 4.
100031
What is -41130 (base 9) in base 4?
-12213021
Convert -a534 (base 13) to base 14.
-848a
What is -62 (base 12) in base 11?
-68
-33204 (base 8) to base 3
-201010220
1011100100 (base 2) to base 15
345
Convert be2 (base 15) to base 14.
d9d
What is -2013302 (base 5) in base 8?
-77107
-4052 (base 9) to base 15
-d28
-20 (base 11) to base 6
-34
Convert 106 (base 14) to base 10.
202
What is -7c36 (base 14) in base 2?
-101010001101000
Convert 872c (base 13) to base 8.
44555
Convert 285 (base 9) to base 6.
1035
Convert 47 (base 10) to base 13.
38
1001101100110 (base 2) to base 5
124331
-10111 (base 4) to base 6
-1141
What is -15301 (base 6) in base 5?
-34420
What is -20 (base 16) in base 7?
-44
Convert -14366 (base 7) to base 12.
-2368
44485 (base 10) to base 4
22313011
What is 11100100001101 (base 2) in base 11?
aa78
Convert 320321 (base 4) to base 13.
1871
Convert -1002021220 (base 3) to base 15.
-64d9
1453 (base 6) to base 5
3033
What is -377 (base 11) in base 6?
-2023
What is 13223 (base 4) in base 2?
111101011
What is -11c1 (base 13) in base 6?
-15403
1d076 (base 14) to base 2
10010000111010000
d8 (base 14) to base 9
231
What is -332302 (base 4) in base 8?
-7662
-2210211 (base 3) to base 14
-a63
Convert -1131002 (base 4) to base 12.
-3542
-4320 (base 7) to base 13
-90c
Convert -3620 (base 7) to base 15.
-5e2
-120210211 (base 3) to base 9
-16724
What is -76a (base 12) in base 13?
-65b
-1034 (base 7) to base 2
-101110000
What is 3255 (base 10) in base 16?
cb7
Convert 11570 (base 13) to base 4.
13233032
-100 (base 7) to base 16
-31
273 (base 13) to base 4
12300
What is 201 (base 12) in base 14?
169
What is 142664 (base 7) in base 13?
c647
-bf7 (base 16) to base 7
-11634
Convert -120110200 (base 3) to base 14.
-4177
-26163 (base 7) to base 3
-100112120
622 (base 11) to base 8
1356
Convert 7597 (base 11) to base 2.
10011100101100
What is -6453 (base 8) in base 9?
-4555
-1ef (base 16) to base 4
-13233
Convert -10 (base 12) to base 11.
-11
Convert 242c (base 14) to base 11.
4819
31100230 (base 4) to base 8
152054
What is -4363 (base 7) in base 9?
-2127
157b (base 12) to base 11
1a02
What is -257 (base 11) in base 3?
-102021
Convert 10431 (base 5) to base 6.
3233
What is 520 (base 9) in base 10?
423
What is -309 (base 11) in base 10?
-372
What is -34b3 (base 15) in base 14?
-4117
Convert -113434 (base 5) to base 11.
-3209
1110101011001000 (base 2) to base 4
32223020
Convert -110212002 (base 3) to base 7.
-36215
-9781 (base 15) to base 11
-22106
What is -100013102 (base 4) in base 2?
-10000000111010010
-142 (base 11) to base 9
-205
Convert c846 (base 14) to base 2.
1000011011111110
What is 12012221 (base 3) in base 9?
5187
Convert 1a8a9 (base 14) to base 16.
107f5
-195a (base 11) to base 10
-2485
Convert 114 (base 7) to base 13.
48
What is -41 (base 15) in base 7?
-115
-1230 (base 7) to base 16
-1ce
Convert 12621 (base 8) to base 4.
1112101
1332003 (base 4) to base 11
6074
-130022 (base 4) to base 8
-3412
-3211321 (base 4) to base 11
-10066
-132233 (base 4) to base 2
-11110101111
1402 (base 8) to base 4
30002
What is -1247 (base 8) in base 9?
-834
What is -42843 (base 9) in base 8?
-67345
Convert -86 (base 15) to base 12.
-a6
Convert 313400 (base 5) to base 13.
49ca
22135 (base 6) to base 14
11a3
Convert -11110 (base 4) to base 9.
-417
Convert -c1 (base 15) to base 2.
-10110101
-11011100001 (base 2) to base 9
-2366
-1211011102 (base 3) to base 16
-8c00
What is 1a8a1 (base 11) in base 4?
13011212
516 (base 9) to base 8
644
What is 3223 (base 4) in base 11?
1a4
What is -2332121 (base 4) in base 11?
-9178
-1052 (base 11) to base 3
-1220102
What is 58250 (base 10) in base 9?
87812
13067 (base 11) to base 8
44423
What is -4126 (base 11) in base 5?
-133343
What is c7b (base 14) in base 3?
10101011
-156 (base 15) to base 2
-100110010
121102210 (base 3) to base 4
2323032
What is -760 (base 9) in base 14?
-325
Convert -3535 (base 6) to base 12.
-5ab
-1239 (base 12) to base 13
-c27
What is 5e6 (base 16) in base 3?
2001221
87e (base 15) to base 10
1919
-360 (base 10) to base 15
-190
Convert -35360 (base 8) to base 16.
-3af0
8052 (base 11) to base 4
2213101
-1cbb (base 15) to base 3
-22120112
What is -63466 (base 8) in base 4?
-12130312
What is -b2b (base 13) in base 10?
-1896
Convert -471 (base 10) to base 3.
-122110
Convert -31101203 (base 4) to base 13.
-1b995
What is -3031 (base 4) in base 7?
-412
51305 (base 6) to base 7
25565
1ded (base 15) to base 7
25006
What is 786 (base 12) in base 8?
2126
-6644 (base 11) to base 9
-13013
What is 326 (base 11) in base 15?
1b1
Convert 102 (base 14) to base 15.
d3
Convert 1330120 (base 4) to base 5.
223320
Convert 10043 (base 12) to base 6.
240123
Convert -4020 (base 5) to base 10.
-510
What is -1fb2 (base 16) in base 15?
-260e
Convert -1100121200 (base 3) to base 8.
-64106
Convert -656 (base 13) to base 10.
-1085
-419 (base 12) to base 2
-1001010101
196 (base 11) to base 2
11100010
2013412 (base 5) to base 13
11960
Convert -3270 (base 13) to base 15.
-2130
Convert 31011 (base 4) to base 13.
4c5
a392 (base 11) to base 2
11010111001110
What is 111101 (base 2) in base 16?
3d
Convert -100a5 (base 12) to base 8.
-50575
What is -667 (base 9) in base 14?
-2b1
Convert 63501 (base 7) to base 12.
90a9
What is -13a33 (base 11) in base 16?
-4da8
What is 23519 (base 11) in base 14?
c4d6
What is 1340 (base 7) in base 4?
20012
What is 3302110 (base 5) in base 16?
dcd2
-1010110000101 (base 2) to base 12
-3231
Convert -101101100011000 (base 2) to base 11.
-16580
Convert 298 (base 10) to base 13.
19c
167 (base 10) to base 2
10100111
1032122 (base 4) to base 5
130033
-687a (base 11) to base 6
-105505
What is -3233 (base 4) in base 10?
-239
Convert 23301 (base 4) to base 13.
45c
3210 (base 5) to base 15
1da
745 (base 13) to base 9
1627
1102122 (base 3) to base 13
623
Convert 793 (base 12) to base 10.
1119
-1b7c (base 15) to base 7
-23253
Convert -645 (base 8) to base 3.
-120121
Convert -975 (base 13) to base 15.
-72c
What is -35440 (base 7) in base 5?
-243032
-5297 (base 11) to base 7
-26263
What is 353 (base 8) in base 3?
22201
-440442 (base 5) to base 9
-22662
Convert -12105 (base 9) to base 3.
-102010012
Convert 4322 (base 7) to base 13.
911
What is -859 (base 12) in base 8?
-2305
Convert -5533 (base 14) to base 2.
-11100110011001
Convert 22112 (base 3) to base 5.
1410
1832 (base 12) to base 11
2213
102100 (base 3) to base 12
216
Convert -8318 (base 11) to base 6.
-123022
Convert 141364 (base 8) to base 2.
1100001011110100
What is 6047 (base 12) in base 6?
120131
What is 1044 (base 8) in base 2?
1000100100
What is -7175 (base 13) in base 7?
-63416
What is 1294 (base 10) in base 2?
10100001110
-84dc (base 16) to base 14
-c576
What is 16838 (base 12) in base 15?
9885
-207 (base 9) to base 15
-b4
-1055 (base 8) to base 10
-557
-1080b (base 13) to base 10
-29924
Convert -312 (base 10) to base 6.
-1240
100100001 (base 2) to base 3
101201
Convert e8 (base 16) to base 8.
350
Convert -2311022 (base 4) to base 15.
-367e
-3113 (base 5) to base 15
-1c3
202300 (base 4) to base 15
9d4
What is -2195 (base 11) in base 2?
-101101000111
Convert 1432 (base 6) to base 5.
3010
What is -5302 (base 6) in base 12?
-832
What is -11232 (base 6) in base 10?
-1604
What is 40340 (base 5) in base 16?
a23
What is -86b9 (base 14) in base 11?
-16554
What is 3144 (base 6) in base 14?
38c
What is -10000111110100011 (base 2) in base 16?
-10fa3
1310223 (base 4) to base 5
214332
Convert 17866 (base 13) to base 10.
45376
What is 1b (base 14) in base 9?
27
178 (base 13) to base 12
1a4
What is -111012 (base 3) in base 15?
-18b
13201231 (base 4) to base 9
46254
Convert 1034b (base 16) to base 11.
45965
What is 487 (base 10) in base 9?
601
Convert -30649 (base 10) to base 2.
-111011110111001
Convert 60a4 (base 15) to base 6.
234244
-1010012 (base 3) to base 2
-1100101111
Convert 78324 (base 9) to base 16.
cb38
What is -1110111100011 (base 2) in base 16?
-1de3
What is -b2c (base 16) 